
False
Is 13 a factor of 520?
True
Does 26 divide 13614?
False
Is 1184 a multiple of 45?
False
Is 93 a factor of 6057?
False
Is 2320 a multiple of 72?
False
Is 29795 a multiple of 59?
True
Does 23 divide 73688?
False
Is 16 a factor of 592?
True
Is 2 a factor of 256?
True
Is 1119 a multiple of 32?
False
Does 26 divide 1001?
False
Does 86 divide 26910?
False
Is 475 a multiple of 12?
False
Is 88 a factor of 34974?
False
Is 10 a factor of 600?
True
Does 7 divide 651?
True
Is 17511 a multiple of 24?
False
Is 8 a factor of 35240?
True
Does 38 divide 19988?
True
Does 16 divide 5808?
True
Does 28 divide 1800?
False
Is 4749 a multiple of 9?
False
Is 290 a multiple of 10?
True
Is 3575 a multiple of 165?
False
Is 1372 a multiple of 62?
False
Is 5 a factor of 485?
True
Does 24 divide 5760?
True
Does 22 divide 2293?
False
Is 44072 a multiple of 20?
False
Is 194 a factor of 71705?
False
Is 1282 a multiple of 17?
False
Does 16 divide 153?
False
Is 58 a factor of 2257?
False
Does 31 divide 383?
False
Is 18 a factor of 162?
True
Is 4 a factor of 66106?
False
Is 15 a factor of 9435?
True
Is 6 a factor of 661?
False
Does 28 divide 252?
True
Does 67 divide 1005?
True
Is 19471 a multiple of 39?
False
Does 12 divide 24?
True
Is 405 a factor of 8910?
True
Is 80 a factor of 52400?
True
Is 11 a factor of 6358?
True
Is 580 a multiple of 20?
True
Is 38214 a multiple of 13?
False
Does 150 divide 13050?
True
Is 14 a factor of 2598?
False
Is 88 a factor of 87398?
False
Is 16462 a multiple of 39?
False
Does 7 divide 609?
True
Does 14 divide 31275?
False
Does 8 divide 35448?
True
Is 8925 a multiple of 3?
True
Is 15996 a multiple of 8?
False
Is 21 a factor of 1954?
False
Does 15 divide 1121?
False
Is 9 a factor of 369?
True
Is 13 a factor of 2452?
False
Does 24 divide 744?
True
Is 74 a multiple of 74?
True
Does 114 divide 8431?
False
Is 30 a factor of 630?
True
Does 16 divide 16239?
False
Does 15 divide 53311?
False
Is 44 a factor of 10956?
True
Does 124 divide 29316?
False
Is 7370 a multiple of 67?
True
Does 11 divide 1893?
False
Is 76 a factor of 995?
False
Does 25 divide 3400?
True
Is 3795 a multiple of 55?
True
Does 8 divide 339?
False
Is 2 a factor of 1918?
True
Does 3 divide 519?
True
Does 45 divide 31455?
True
Is 24 a multiple of 7?
False
Does 6 divide 167?
False
Is 26978 a multiple of 14?
True
Does 33 divide 495?
True
Is 35 a factor of 3150?
True
Is 2174 a multiple of 56?
False
Is 33 a factor of 4653?
True
Is 48379 a multiple of 105?
False
Does 16 divide 13520?
True
Is 29 a factor of 8145?
False
Does 8 divide 93?
False
Is 120935 a multiple of 361?
True
Does 69 divide 8871?
False
Is 21603 a multiple of 19?
True
Is 160 a multiple of 16?
True
Is 67 a factor of 3594?
False
Does 107 divide 657?
False
Is 133 a factor of 57581?
False
Does 17 divide 26836?
False
Is 7280 a multiple of 6?
False
Is 27 a factor of 13905?
True
Does 143 divide 3722?
False
Is 55 a factor of 495?
True
Is 10 a factor of 30?
True
Is 1003 a multiple of 59?
True
Is 9854 a multiple of 30?
False
Does 43 divide 68?
False
Does 15 divide 1367?
False
Is 176 a multiple of 22?
True
Is 31323 a multiple of 197?
True
Is 5 a factor of 2973?
False
Does 25 divide 1397?
False
Is 55 a factor of 13556?
False
Is 10 a factor of 760?
True
Does 11 divide 36889?
False
Does 10 divide 36446?
False
Is 40222 a multiple of 338?
True
Is 13690 a multiple of 24?
False
Is 1065 a multiple of 71?
True
Is 57 a factor of 57?
True
Is 39 a factor of 624?
True
Is 281 a multiple of 14?
False
Does 102 divide 1496?
False
Is 203 a multiple of 25?
False
Does 21 divide 2837?
False
Is 29 a factor of 1537?
True
Does 137 divide 6987?
True
Is 7 even?
False
Does 14 divide 3926?
False
Is 4 a factor of 660?
True
Does 12 divide 1056?
True
Does 23 divide 1173?
True
Is 17 a factor of 561?
True
Does 28 divide 62468?
True
Is 7245 a multiple of 74?
False
Is 17472 a multiple of 21?
True
Is 17 a factor of 547?
False
Is 21 a factor of 119427?
True
Is 45 a factor of 371?
False
Is 89 a factor of 53044?
True
Is 663 a multiple of 100?
False
Is 95 a factor of 912?
False
Is 3 a factor of 459?
True
Is 17614 a multiple of 80?
False
Is 7896 a multiple of 56?
True
Is 70 a factor of 1330?
True
Is 2616 a multiple of 49?
False
Is 5482 a multiple of 26?
False
Does 13 divide 347?
False
Is 1078 a multiple of 10?
False
Is 116 a factor of 4524?
True
Is 3999 a multiple of 31?
True
Is 26 a factor of 178?
False
Is 836 a multiple of 57?
False
Is 2887 a multiple of 24?
False
Is 279 a factor of 8091?
True
Is 26 a factor of 552?
False
Does 100 divide 8754?
False
Is 42 a factor of 126?
True
Does 121 divide 2849?
False
Is 604 a multiple of 64?
False
Does 15 divide 1800?
True
Does 17 divide 4007?
False
Is 6 a factor of 25?
False
Is 11 a factor of 265?
False
Does 156 divide 55152?
False
Does 7 divide 42013?
False
Is 3 a factor of 519?
True
Is 2 a factor of 9030?
True
Is 98 a multiple of 5?
False
Does 61 divide 1336?
False
Is 55 a factor of 220?
True
Is 15 a factor of 1650?
True
Does 25 divide 34950?
True
Is 15 a factor of 304?
False
Is 54 a factor of 6894?
False
Does 484 divide 95655?
False
Is 18786 a multiple of 81?
False
Is 18 a factor of 2016?
True
Does 10 divide 717?
False
Is 10468 a multiple of 6?
False
Does 2 divide 5463?
False
Does 9 divide 5356?
False
Is 11 a factor of 110?
True
Is 17384 a multiple of 53?
True
Is 11040 a multiple of 138?
True
Is 15651 a multiple of 47?
True
Is 1120 a multiple of 32?
True
Is 149 a factor of 46722?
False
Does 44 divide 220?
True
Is 745 a multiple of 31?
False
Does 3 divide 916?
False
Does 7 divide 3507?
True
Is 5956 a multiple of 11?
False
Is 145 a factor of 16530?
True
Is 21 a factor of 231?
True
Is 101136 a multiple of 24?
True
Does 68 divide 76328?
False
Is 32953 a multiple of 24?
False
Is 16 a factor of 23?
False
Does 2 divide 120?
True
Is 14 a factor of 26500?
False
Is 701 a multiple of 14?
False
Is 32760 a multiple of 52?
True
Is 102 a factor of 2016?
False
Is 5677 a multiple of 29?
False
Does 11 divide 3757?
False
Is 85 a factor of 800?
False
Is 46 a factor of 5398?
False
Does 32 divide 64?
True
Does 176 divide 4717?
False
Does 8 divide 3984?
True
Does 67 divide 737?
True
Is 108 a multiple of 8?
False
Is 840 a multiple of 15?
True
Does 37 divide 1999?
False
Is 1936 a multiple of 11?
True
Does 20 divide 8980?
True
Is 1709 a multiple of 7?
False
Is 13 a factor of 169?
True
Is 597 a multiple of 18?
False
Is 90 a multiple of 26?
False
Does 7 divide 854?
True
Does 8 divide 4696?
True
Does 34 divide 49742?
True
Does 13 divide 38824?
False
Is 995 a multiple of 17?
False
Is 17 a factor of 5248?
False
Is 99 a factor of 4391?
False
Does 20 divide 134802?
False
Does 8 divide 1360?
True
Does 5 divide 25575?
True
Is 18 a factor of 1890?
True
Is 210 a multiple of 55?
False
Is 10 a factor of 988?
False
Is 57 a multiple of 4?
False
Is 36 a multiple of 4?
True
Does 24 divide 2353?
False
Is 34371 a multiple of 8?
False
Is 9865 a multiple of 19?
False
Is 2 a factor of 175?
False
Does 22 divide 591?
False
Does 57 divide 57?
True
Does 13 divide 4446?
True
Is 6670 a multiple of 58?
True
Is 6 a multiple of 3?
True
Does 7 divide 14614?
False
Does 2 divide 26?
True
Is 8 a factor of 8?
True
Is 4816 a multiple of 8?
True
Is 17 a factor of 7531?
True
Is 142 a multiple of 22?
False
Is 4 a factor of 1522?
False
Does 5 divide 795?
True
Is 84 a factor of 2604?
True
Is 5535 a multiple of 123?
True
Is 7001 a multiple of 56?
False
Is 1100 a multiple of 11?
True
Does 58 divide 106?
False
Does 81 divide 1053?
True
Is 3680 a multiple of 11?
False
Is 166645 a multiple of 17?
False
Is 10 a factor of 3426?
False
Does 10 divide 180?
True
Does 22 divide 216?
False
Is 11 a factor of 11440?
True
Does 8 divide 11184?
True
Does 23 divide 11724?
False
Is 564 a multiple of 6?
True
Is 4365 a multiple of 45?
True
Does 12 divide 3919?
False
Is 28241 a multiple of 34?
False
Is 5949 a multiple of 9?
True
Is 690 a multiple of 71?
False
Is 67000 a multiple of 268?
True
Is 950 a multiple of 5?
True
Is 66 a factor of 14284?
False
Does 15 divide 140?
False
Does 41 divide 5043?
True
Is 7294 a multiple of 94?
False
Is 2 a factor of 101?
False
Is 731 a multiple of 6?
False
Does 2 divide 682?
True
Does 23 divide 3289?
True
Is 312 a multiple of 8?
True
Does 4 divide 38?
False
Does 10 divide 30?
True
Doe